{"id":43,"date":"2014-08-25T12:57:43","date_gmt":"2014-08-25T10:57:43","guid":{"rendered":"http:\/\/hexx.de\/wp\/?page_id=43"},"modified":"2022-05-03T14:15:53","modified_gmt":"2022-05-03T14:15:53","slug":"it-business-development-2","status":"publish","type":"page","link":"https:\/\/hexx.de\/content\/?page_id=43","title":{"rendered":"Sparen Sie Zeit &#038; Geld &#8211; Entwickeln Sie Ihr Business weiter"},"content":{"rendered":"\n<p>Lassen Sie Ihr Gesch\u00e4ft durch IT-Unterst\u00fctzung wachsen. Viele Aufgaben, die Sie tagt\u00e4glich in der Kundenkommunikation durch interne Kr\u00e4fte abdecken k\u00f6nnen bereits jetzt IT-Systeme ersetzt werden. Ein gutes Beispiel ist Amazon. Hier finden Sie den Artikel, den Sie suchen und erhalten in der Regel dazu mehr Informationen, als Ihnen jeder Verk\u00e4ufer in einem Laden geben k\u00f6nnte.<br>Geben auch Sie Ihren Kunden die M\u00f6glichkeit sich direkt \u00fcber Ihre Artikel zu informieren &#8211; und diese auf Wunsch direkt zu konfigurieren oder zu bestellen &#8211; oder beides.<br>Fragen Sie uns nach unseren eCommerce-L\u00f6sungen.<\/p>\n\n\n\n<p><strong>Stau!!<\/strong><br>Wenn der Arbeitsfluss an vielen kleinen Stellen durch unn\u00f6tige Arbeitsprozesse oder Medienbr\u00fcche (Papier, verschiedene Dateiformate, verschiedene Systeme) aufgestaut wird, dann verliert er seine<strong> Energie<\/strong>. Viele Ersterfassungen von Daten finden immer noch auf Papier statt: Ein Formular wird ausgedruckt, von ausgef\u00fcllt und sp\u00e4ter erneut am Computer eingegeben. Solche<strong> Doppelerfassungen<\/strong> kosten Zeit und Geld, sind eine h\u00e4ufige Fehlerquelle und den Mitarbeiter unn\u00f6tig Nerven.<\/p>\n\n\n\n<p>Routinem\u00e4\u00dfig ablaufende Arbeitsprozesse sollten deshalb in regelm\u00e4\u00dfigen Abst\u00e4nden auf ihre <strong>Effizienz<\/strong> gepr\u00fcft werden. Mit Hilfe von z.B. <strong>Datenbanken<\/strong> und individuell entwickelter Software lassen sich viele dieser Arbeitsabl\u00e4ufe optimieren und verk\u00fcrzen.<br>Das Ergebnis ist weniger Arbeit und mehr Zeit f\u00fcr Ihre Mitarbeiter, sich ihren eigentlichen <strong>Kernaufgaben<\/strong> zu widmen.<\/p>\n\n\n\n<p>F\u00fcr eine pers\u00f6nliche <a title=\"Wir sind f\u00fcr Sie da\" href=\"http:\/\/hexx.de\/wp\/kontakt\/\">Beratung<\/a> stehen wir Ihnen gerne zur Verf\u00fcgung.<\/p>\n","protected":false},"excerpt":{"rendered":"<p>Lassen Sie Ihr Gesch\u00e4ft durch IT-Unterst\u00fctzung wachsen. Viele Aufgaben, die Sie tagt\u00e4glich in der Kundenkommunikation durch interne Kr\u00e4fte abdecken k\u00f6nnen bereits jetzt IT-Systeme ersetzt werden. Ein gutes Beispiel ist Amazon. Hier finden Sie den Artikel, den Sie suchen und erhalten in der Regel dazu mehr Informationen, als Ihnen jeder Verk\u00e4ufer in einem Laden geben k\u00f6nnte.Geben [&hellip;]<\/p>\n","protected":false},"author":1,"featured_media":0,"parent":0,"menu_order":0,"comment_status":"closed","ping_status":"closed","template":"","meta":{"footnotes":""},"class_list":["post-43","page","type-page","status-publish","hentry"],"yoast_head":"<!-- This site is optimized with the Yoast SEO plugin v27.5 - https:\/\/yoast.com\/product\/yoast-seo-wordpress\/ -->\n<title>Sparen Sie Zeit &amp; Geld - Entwickeln Sie Ihr Business weiter - Hexx Network<\/title>\n<meta name=\"robots\" content=\"index, follow, max-snippet:-1, max-image-preview:large, max-video-preview:-1\" \/>\n<link rel=\"canonical\" href=\"https:\/\/hexx.de\/content\/?page_id=43\" \/>\n<meta property=\"og:locale\" content=\"de_DE\" \/>\n<meta property=\"og:type\" content=\"article\" \/>\n<meta property=\"og:title\" content=\"Sparen Sie Zeit &amp; Geld - Entwickeln Sie Ihr Business weiter - Hexx Network\" \/>\n<meta property=\"og:description\" content=\"Lassen Sie Ihr Gesch\u00e4ft durch IT-Unterst\u00fctzung wachsen. Viele Aufgaben, die Sie tagt\u00e4glich in der Kundenkommunikation durch interne Kr\u00e4fte abdecken k\u00f6nnen bereits jetzt IT-Systeme ersetzt werden. Ein gutes Beispiel ist Amazon. Hier finden Sie den Artikel, den Sie suchen und erhalten in der Regel dazu mehr Informationen, als Ihnen jeder Verk\u00e4ufer in einem Laden geben k\u00f6nnte.Geben [&hellip;]\" \/>\n<meta property=\"og:url\" content=\"https:\/\/hexx.de\/content\/?page_id=43\" \/>\n<meta property=\"og:site_name\" content=\"Hexx Network\" \/>\n<meta property=\"article:modified_time\" content=\"2022-05-03T14:15:53+00:00\" \/>\n<meta name=\"twitter:card\" content=\"summary_large_image\" \/>\n<meta name=\"twitter:label1\" content=\"Gesch\u00e4tzte Lesezeit\" \/>\n\t<meta name=\"twitter:data1\" content=\"2\u00a0Minuten\" \/>\n<script type=\"application\/ld+json\" class=\"yoast-schema-graph\">{\"@context\":\"https:\\\/\\\/schema.org\",\"@graph\":[{\"@type\":\"WebPage\",\"@id\":\"https:\\\/\\\/hexx.de\\\/content\\\/?page_id=43\",\"url\":\"https:\\\/\\\/hexx.de\\\/content\\\/?page_id=43\",\"name\":\"Sparen Sie Zeit & Geld - Entwickeln Sie Ihr Business weiter - Hexx Network\",\"isPartOf\":{\"@id\":\"https:\\\/\\\/hexx.de\\\/content\\\/#website\"},\"datePublished\":\"2014-08-25T10:57:43+00:00\",\"dateModified\":\"2022-05-03T14:15:53+00:00\",\"breadcrumb\":{\"@id\":\"https:\\\/\\\/hexx.de\\\/content\\\/?page_id=43#breadcrumb\"},\"inLanguage\":\"de\",\"potentialAction\":[{\"@type\":\"ReadAction\",\"target\":[\"https:\\\/\\\/hexx.de\\\/content\\\/?page_id=43\"]}]},{\"@type\":\"BreadcrumbList\",\"@id\":\"https:\\\/\\\/hexx.de\\\/content\\\/?page_id=43#breadcrumb\",\"itemListElement\":[{\"@type\":\"ListItem\",\"position\":1,\"name\":\"Home\",\"item\":\"https:\\\/\\\/hexx.de\\\/content\\\/\"},{\"@type\":\"ListItem\",\"position\":2,\"name\":\"Sparen Sie Zeit &#038; Geld &#8211; Entwickeln Sie Ihr Business weiter\"}]},{\"@type\":\"WebSite\",\"@id\":\"https:\\\/\\\/hexx.de\\\/content\\\/#website\",\"url\":\"https:\\\/\\\/hexx.de\\\/content\\\/\",\"name\":\"Hexx Network\",\"description\":\"Just another WordPress site\",\"potentialAction\":[{\"@type\":\"SearchAction\",\"target\":{\"@type\":\"EntryPoint\",\"urlTemplate\":\"https:\\\/\\\/hexx.de\\\/content\\\/?s={search_term_string}\"},\"query-input\":{\"@type\":\"PropertyValueSpecification\",\"valueRequired\":true,\"valueName\":\"search_term_string\"}}],\"inLanguage\":\"de\"}]}<\/script>\n<!-- \/ Yoast SEO plugin. -->","yoast_head_json":{"title":"Sparen Sie Zeit & Geld - Entwickeln Sie Ihr Business weiter - Hexx Network","robots":{"index":"index","follow":"follow","max-snippet":"max-snippet:-1","max-image-preview":"max-image-preview:large","max-video-preview":"max-video-preview:-1"},"canonical":"https:\/\/hexx.de\/content\/?page_id=43","og_locale":"de_DE","og_type":"article","og_title":"Sparen Sie Zeit & Geld - Entwickeln Sie Ihr Business weiter - Hexx Network","og_description":"Lassen Sie Ihr Gesch\u00e4ft durch IT-Unterst\u00fctzung wachsen. Viele Aufgaben, die Sie tagt\u00e4glich in der Kundenkommunikation durch interne Kr\u00e4fte abdecken k\u00f6nnen bereits jetzt IT-Systeme ersetzt werden. Ein gutes Beispiel ist Amazon. Hier finden Sie den Artikel, den Sie suchen und erhalten in der Regel dazu mehr Informationen, als Ihnen jeder Verk\u00e4ufer in einem Laden geben k\u00f6nnte.Geben [&hellip;]","og_url":"https:\/\/hexx.de\/content\/?page_id=43","og_site_name":"Hexx Network","article_modified_time":"2022-05-03T14:15:53+00:00","twitter_card":"summary_large_image","twitter_misc":{"Gesch\u00e4tzte Lesezeit":"2\u00a0Minuten"},"schema":{"@context":"https:\/\/schema.org","@graph":[{"@type":"WebPage","@id":"https:\/\/hexx.de\/content\/?page_id=43","url":"https:\/\/hexx.de\/content\/?page_id=43","name":"Sparen Sie Zeit & Geld - Entwickeln Sie Ihr Business weiter - Hexx Network","isPartOf":{"@id":"https:\/\/hexx.de\/content\/#website"},"datePublished":"2014-08-25T10:57:43+00:00","dateModified":"2022-05-03T14:15:53+00:00","breadcrumb":{"@id":"https:\/\/hexx.de\/content\/?page_id=43#breadcrumb"},"inLanguage":"de","potentialAction":[{"@type":"ReadAction","target":["https:\/\/hexx.de\/content\/?page_id=43"]}]},{"@type":"BreadcrumbList","@id":"https:\/\/hexx.de\/content\/?page_id=43#breadcrumb","itemListElement":[{"@type":"ListItem","position":1,"name":"Home","item":"https:\/\/hexx.de\/content\/"},{"@type":"ListItem","position":2,"name":"Sparen Sie Zeit &#038; Geld &#8211; Entwickeln Sie Ihr Business weiter"}]},{"@type":"WebSite","@id":"https:\/\/hexx.de\/content\/#website","url":"https:\/\/hexx.de\/content\/","name":"Hexx Network","description":"Just another WordPress site","potentialAction":[{"@type":"SearchAction","target":{"@type":"EntryPoint","urlTemplate":"https:\/\/hexx.de\/content\/?s={search_term_string}"},"query-input":{"@type":"PropertyValueSpecification","valueRequired":true,"valueName":"search_term_string"}}],"inLanguage":"de"}]}},"_links":{"self":[{"href":"https:\/\/hexx.de\/content\/index.php?rest_route=\/wp\/v2\/pages\/43","targetHints":{"allow":["GET"]}}],"collection":[{"href":"https:\/\/hexx.de\/content\/index.php?rest_route=\/wp\/v2\/pages"}],"about":[{"href":"https:\/\/hexx.de\/content\/index.php?rest_route=\/wp\/v2\/types\/page"}],"author":[{"embeddable":true,"href":"https:\/\/hexx.de\/content\/index.php?rest_route=\/wp\/v2\/users\/1"}],"replies":[{"embeddable":true,"href":"https:\/\/hexx.de\/content\/index.php?rest_route=%2Fwp%2Fv2%2Fcomments&post=43"}],"version-history":[{"count":1,"href":"https:\/\/hexx.de\/content\/index.php?rest_route=\/wp\/v2\/pages\/43\/revisions"}],"predecessor-version":[{"id":3394,"href":"https:\/\/hexx.de\/content\/index.php?rest_route=\/wp\/v2\/pages\/43\/revisions\/3394"}],"wp:attachment":[{"href":"https:\/\/hexx.de\/content\/index.php?rest_route=%2Fwp%2Fv2%2Fmedia&parent=43"}],"curies":[{"name":"wp","href":"https:\/\/api.w.org\/{rel}","templated":true}]}}